- 4159 = -4*n. What are the prime factors of p?
3, 463
Suppose -1421 = -4*p + 959. Let j = p - 270. List the prime factors of j.
5, 13
Let f(w) = 2*w**2 - 4*w + 5. Suppose -3*b + b = l - 18, l + 4*b = 8. Suppose l*t - 4 = 27*t. What are the prime factors of f(t)?
3, 7
Let q be ((-72)/(-10))/3*-5. Let z be (-15)/(-2)*(q/(-15) - 0). What are the prime factors of ((z + -12)*11)/((-1)/1)?
2, 3, 11
Let j(w) = 3*w**2 - 10*w - 13. Let b(c) = 12*c**3 - c**2 + c. Let p be b(1). What are the prime factors of j(p)?
13, 23
Let u = 559 - 1268. Let f = u + 1257. List the prime factors of f.
2, 137
Suppose 22*o - 1368650 = -133*o. What are the prime factors of o?
2, 5, 883
Suppose -86 = 19*v + 28. List the prime factors of v/(-5)*58875/50.
3, 157
Suppose 0 = 98*b - 641517 + 195323. List the prime factors of b.
29, 157
Suppose -a = -4*j - 16468, 3*j + 5770 - 22273 = -a. What are the prime factors of a?
2, 3, 229
Suppose -29*h + 945972 = 7*h - 433044. List the prime factors of h.
2, 107, 179
Suppose -21*n = -45*n - 100*n + 2668728. List the prime factors of n.
2, 3, 17, 211
Let n(t) = t**2 + 4*t - 6. Let c = 79 + -79. Let o be n(c). List the prime factors of (-408)/(-7) - o/(-21).
2, 29
Let c(o) = -o**2 + 2*o + 38. Let b be c(0). Let z = 40 - b. Suppose -z*g - g + 158 = -4*t, -159 = -4*g - 5*t. What are the prime factors of g?
2, 23
Let i(q) = -15*q**3 - 2*q + 1. Let c be i(1). Suppose -3*l = 2*r + 317, 11*r - 12*r + 3*l - 181 = 0. What are the prime factors of (-4)/c + r/(-8) + -2?
19
Let g(t) = -24*t - 3 + 41*t**2 - 13*t**3 + 11*t**3 + 55*t. List the prime factors of g(21).
3, 23
Let s be 2 + (-8)/((-8)/3). Suppose -5*f + 1755 = 5*z, -3*f + f = -s*z + 1783. List the prime factors of z.
5, 71
Let t(r) = r**3 - 6*r**2 + 9*r - 15. Let j be t(5). Suppose 2*n - 1967 = -j*n. What are the prime factors of n?
281
Suppose -33 = -4*l + 3*t, 0 = l - 2*l - 5*t - 9. Suppose -30 = -l*m - 12. Suppose 4*a - 696 = -4*z, 4*a - 3*z - 190 = m*a. What are the prime factors of a?
2, 89
Suppose -623 = 23*a - 163. Let z(u) = -u**2 - 35*u + 31. List the prime factors of z(a).
331
Let q(a) = 3*a**2 + 29*a - 8. Let p be q(-10). Suppose 4*j = -p*c + 1384, 5*c - 4*j = 2100 + 1318. Suppose -7*z + 0*z = -c. What are the prime factors of z?
2, 7
Let x = -150 - -155. Suppose 2*p + 0*a - 226 = 2*a, x*a = -4*p + 443. What are the prime factors of p?
2, 7
Let b = -290 + 292. Suppose -b*f = -0*l - l + 38, f = -5*l + 157. What are the prime factors of l?
2
Let c = -21 - -11. Let q be 2 + -1 - (11 + c). Suppose q = -z - 4*y + 1, 0 = 4*z + y + 4*y - 15. What are the prime factors of z?
5
Let a = 8 + -19. Suppose 4*g + 64 = -4*l, -4*g + 13 = l - 4*l. List the prime factors of (-893)/a - (-1 + (-13)/l).
3
Let z = -5604 + 6480. What are the prime factors of z?
2, 3, 73
Let s(m) = m**2 + 10*m + 19. Let p be s(-8). Suppose -2166 = -5*v - 4*l, 0 = -p*v - 4*l - 755 + 2061. List the prime factors of v.
2, 5, 43
Let j(l) = 5*l**2 - 7*l + 28. Let x = 749 - 737. What are the prime factors of j(x)?
2, 83
Let g(m) be the first derivative of 7*m**4/12 + 2*m**3/3 + m**2 - 4*m + 4. Let a(b) be the first derivative of g(b). List the prime factors of a(-3).
53
Suppose -5*p + 10 = -5*g, 2*g = 7*g + 3*p + 18. What are the prime factors of (0 - 155)*(g - 48/(-20))?
3, 31
What are the prime factors of (-31357500)/(-2000) - 3/((-24)/10)?
2, 5, 7
Let p = -29 - -51. Suppose 2*g = -3*n + 17, 4*g = n + p - 9. Suppose g*c = -0*c - k + 251, k = -1. What are the prime factors of c?
3, 7
Let m(y) = -y**2 - 29*y + 232. What are the prime factors of m(-32)?
2, 17
Suppose -76*k = -133987 - 353249. List the prime factors of k.
3, 2137
Suppose -5*g + 184 + 311 = -5*p, 4*p + 5*g = -369. What are the prime factors of (-8)/(p/651)*8?
2, 7, 31
Let a = -64 + 142. Suppose -3*w + 53 = o, w - a = -2*o + 2*w. Let s = 59 - o. List the prime factors of s.
2, 3
Let y(v) be the third derivative of -173*v**6/120 - v**5/60 - 11*v**4/24 - 3*v**3/2 - 138*v**2. What are the prime factors of y(-1)?
2, 3, 29
Let x(g) be the third derivative of -g**4/4 + 5*g**3 - 11*g**2 + 6. Let u(l) = l**3 + 5*l**2 - 3*l - 3. Let i be u(-6). List the prime factors of x(i).
2, 3, 13
Let f = -508 + 336. Let x = f - -506. List the prime factors of x.
2, 167
Let i = 21656 - -17527. List the prime factors of i.
3, 37, 353
Let h(l) = 12*l**2 + 3*l - 7. Let a be h(-4). Suppose -5*z + 2*i = -193, 5*z = -5*i + 2*i + a. Suppose -4*p - z = -5*p. List the prime factors of p.
37
Let h = -63678 + 124245. What are the prime factors of h?
3, 13, 1553
Suppose 13*q = 10*q - 1722. List the prime factors of (-2)/3 + q/(-42).
13
Let v = -1169 - -4503. List the prime factors of v.
2, 1667
Let i = -1095 + 3003. What are the prime factors of i?
2, 3, 53
Let j(z) = -3*z**3 - 3*z**2 - 4*z - 7. Let m be j(-3). Suppose -347 = -2*k + m. Let i = -126 + k. What are the prime factors of i?
7, 11
Let b = -64470 + 94554. Suppose 6*a + 17*a - b = 0. What are the prime factors of a?
2, 3, 109
Let p(r) = 27*r**2 - 2866*r**3 - 111 + 2867*r**3 - 4*r - 39*r. List the prime factors of p(-28).
3, 103
Let h = 14181 - 7595. List the prime factors of h.
2, 37, 89
Let k = 9080 - 2947. List the prime factors of k.
6133
Let l(k) = 62*k**2 - 39*k - 680. List the prime factors of l(-25).
3, 5, 19, 137
Suppose -j + 5*h - 7 = 0, -h - 2*h + 9 = 0. Suppose -738 = -j*c - c. Suppose 4*t = -4*q + 560, -2*t + 370 = 4*q + c. List the prime factors of t.
2, 17
Let a(f) be the third derivative of f**6/120 - f**5/6 + f**4/12 + 19*f**3/3 - 65*f**2 + f. What are the prime factors of a(13)?
571
Let l = 84 + -67. Let j(h) = -h**3 + 19*h**2 - 13*h + 39. List the prime factors of j(l).
2, 3, 11
Suppose 0 = -4*o + 4*c + 97 + 23, 0 = 2*o + 3*c - 60. What are the prime factors of (0 - o/25)*(-1600)/6?
2, 5
Suppose 0 = -5*q - 0*q + 15, -u - 5 = -3*q. Let h(v) = 39*v**2 + 45*v - 177. List the prime factors of h(u).
3, 11, 19
Let w(o) = -7*o**3 - 8*o**2 + 4*o + 5. Let a be w(-7). Suppose 1704 + a = 9*p. List the prime factors of p.
2, 5, 41
Suppose -591054 = -8*f - 2*z, -4*f - 2*z + 295500 = 2*z. List the prime factors of f.
2, 3, 47, 131
Suppose 24 - 114 = -18*u. Suppose -5*p = -u - 0, -3*b + 2*p + 1312 = 0. What are the prime factors of b?
2, 3, 73
Let i(r) = -r**2 + 4*r + 15. Let m be i(0). Let x(d) = -d + 22. Let h be x(m). Suppose 10*c - 420 = h*c. List the prime factors of c.
2, 5, 7
Let j(f) = 50*f + 35. Let k be j(0). Let t(g) = g**3 + g. Let z be t(0). Suppose -3*y = m - 340, y + 3*m - k - 89 = z. List the prime factors of y.
2, 7
Let h = -79 + 80. Let d(x) = 18*x + 3. Let b be d(h). Suppose 0 = b*u - 23*u + 238. What are the prime factors of u?
7, 17
Let b = -4669 - -9351. List the prime factors of b.
2, 2341
List the prime factors of -1 + 14/8 + (882850/40 - 2).
2, 5, 2207
Let n = 548 + -849. Let c = n + 473. What are the prime factors of c?
2, 43
Suppose -1235*o + 663*o = -644*o + 1247688. List the prime factors of o.
13, 31, 43
Let v(m) = -92*m - 11. Suppose 2*h + 5 + 13 = 0. Let z be v(h). Suppose 119 = 9*o - z. What are the prime factors of o?
2, 13
Suppose -7*i = z - 2*i + 7, -5 = z + 3*i. List the prime factors of z - -4 - (-2296)/8.
17
Suppose 0 = 2*p - o + 85, -2*p + 0*o + 4*o = 100. Let g be 64/p + 4/(-10). Let u(h) = -12*h**3 - 4*h**2 - 4*h - 4. List the prime factors of u(g).
2, 3, 7
Suppose 0 = -4*o + 22*o - 356431 - 113981. What are the prime factors of o?
2, 73, 179
Suppose 0 = -13*w + 9*w - n - 5, 4*n = -w - 20. Suppose w = -47*o + 45*o + 530. What are the prime factors of o?
5, 53
Suppose 3*u = -z + 194634, z = -u + 46434 + 18440. What are the prime factors of u?
2, 5, 811
What are the prime factors of (0 - 461*-56)*(990/(-72))/(-11)?
2, 5, 7, 461
Let t(r) = 2*r**2 - 3*r - 7. Let a be t(6). Let l be 1/((-612)/87 - -7). Let x = a - l. What are the prime factors of x?
2, 19
Let m = 1712 + -1154. What are the prime factors of m?
2, 3, 31
Let b = 26758 + -21171. What are the prime factors of b?
37, 151
Suppose 4 = -4*b - 3*y + 75, -b + 24 = 2*y. Let d = -17 + b. List the prime factors of d/(-2)*(-776)/(-12).
97
Let m = -59 + 114. Let i = -51 + m. Suppose 572 - 132 = i*p. List the prime factors of p.
2, 5, 11
Suppose -4*a = -h + 10, 2*h + 5 = 3*a + 15. Suppose 485 = h*g - 2635. What are the prime factors of g?
2, 